{"id":23401,"date":"2024-06-16T10:44:52","date_gmt":"2024-06-16T08:44:52","guid":{"rendered":"https:\/\/pl.home.re\/?post_type=byt&#038;p=23401"},"modified":"2024-06-16T10:44:52","modified_gmt":"2024-06-16T08:44:52","slug":"wrzesinska-2a-57","status":"publish","type":"byt","link":"https:\/\/pl.home.re\/en\/mieszkanie\/wrzesinska-2a-57\/","title":{"rendered":"Wrzesi\u0144ska 2A\/57"},"content":{"rendered":"","protected":false},"featured_media":25239,"template":"","residence":[282],"class_list":["post-23401","byt","type-byt","status-publish","has-post-thumbnail","hentry","rezidence-wrzesinska"],"acf":[],"state":"OBSAZEN\u00dd","flat_number":"57","compass":"23989","disposition":"2+kk","disposition_terrace":"","room_1_name":"P\u0159eds\u00ed\u0148","room_1_size":"4.61","room_2_name":"Lo\u017enice","room_2_size":"11.14","room_3_name":"Ob\u00fdvac\u00ed pokoj + KK","room_3_size":"23.08","room_4_name":"Koupelna + WC","room_4_size":"5.62","room_5_name":"Balkon","room_5_size":"2.16","size":"44.45","size_total":"44.45","garden":"","terrace":"","3d_tour":"","floor":"6","equipped":"0","youtube_id":"","pdf_card":"","placement_preview":"24029","nahled_dispozice_patro":"23975","pdf_card_en":"23344","tour":"3320","price_eur":"738","price_pln":"3320","gallery":["25239","25247","25237","25253","25255","25251","25243"],"room_6_name":"","room_6_size":"","room_7_name":"","room_7_size":"","available_from":"","room_8_size":"","room_9_size":"","room_10_size":"","room_8_title":"","_links":{"self":[{"href":"https:\/\/pl.home.re\/en\/wp-json\/wp\/v2\/flat\/23401","targetHints":{"allow":["GET"]}}],"collection":[{"href":"https:\/\/pl.home.re\/en\/wp-json\/wp\/v2\/flat"}],"about":[{"href":"https:\/\/pl.home.re\/en\/wp-json\/wp\/v2\/types\/byt"}],"wp:featuredmedia":[{"embeddable":true,"href":"https:\/\/pl.home.re\/en\/wp-json\/wp\/v2\/media\/25239"}],"wp:attachment":[{"href":"https:\/\/pl.home.re\/en\/wp-json\/wp\/v2\/media?parent=23401"}],"wp:term":[{"taxonomy":"rezidence","embeddable":true,"href":"https:\/\/pl.home.re\/en\/wp-json\/wp\/v2\/residence?post=23401"}],"curies":[{"name":"wp","href":"https:\/\/api.w.org\/{rel}","templated":true}]}}

Wrzesińska 2A/57

OBSAZENÝ

Předsíň

Ložnice

Obývací pokoj + KK
