{"id":23306,"date":"2024-06-15T22:10:02","date_gmt":"2024-06-15T20:10:02","guid":{"rendered":"https:\/\/pl.home.re\/?post_type=byt&#038;p=23306"},"modified":"2024-06-15T22:10:02","modified_gmt":"2024-06-15T20:10:02","slug":"wrzesinska-2a-48","status":"publish","type":"byt","link":"https:\/\/pl.home.re\/en\/mieszkanie\/wrzesinska-2a-48\/","title":{"rendered":"Wrzesi\u0144ska 2A\/48"},"content":{"rendered":"","protected":false},"featured_media":25264,"template":"","residence":[282],"class_list":["post-23306","byt","type-byt","status-publish","has-post-thumbnail","hentry","rezidence-wrzesinska"],"acf":[],"state":"OBSAZEN\u00dd","flat_number":"48","compass":"23929","disposition":"2+kk","disposition_terrace":"","room_1_name":"P\u0159eds\u00ed\u0148","room_1_size":"4.74","room_2_name":"Ob\u00fdvac\u00ed pokoj + KK","room_2_size":"24.15","room_3_name":"Lo\u017enice","room_3_size":"11.33","room_4_name":"Koupelna + WC","room_4_size":"4.72","room_5_name":"Balkon","room_5_size":"2.16","size":"44.94","size_total":"44.94","garden":"","terrace":"","3d_tour":"","floor":"5","equipped":"0","youtube_id":"","pdf_card":"","placement_preview":"23969","nahled_dispozice_patro":"23913","pdf_card_en":"23244","tour":"3500","price_eur":"778","price_pln":"3500","gallery":["25264","25274","25278","25276","25270","25268","25272"],"room_6_name":"","room_6_size":"","room_7_name":"","room_7_size":"","available_from":"","room_8_size":"","room_9_size":"","room_10_size":"","room_8_title":"","_links":{"self":[{"href":"https:\/\/pl.home.re\/en\/wp-json\/wp\/v2\/flat\/23306","targetHints":{"allow":["GET"]}}],"collection":[{"href":"https:\/\/pl.home.re\/en\/wp-json\/wp\/v2\/flat"}],"about":[{"href":"https:\/\/pl.home.re\/en\/wp-json\/wp\/v2\/types\/byt"}],"wp:featuredmedia":[{"embeddable":true,"href":"https:\/\/pl.home.re\/en\/wp-json\/wp\/v2\/media\/25264"}],"wp:attachment":[{"href":"https:\/\/pl.home.re\/en\/wp-json\/wp\/v2\/media?parent=23306"}],"wp:term":[{"taxonomy":"rezidence","embeddable":true,"href":"https:\/\/pl.home.re\/en\/wp-json\/wp\/v2\/residence?post=23306"}],"curies":[{"name":"wp","href":"https:\/\/api.w.org\/{rel}","templated":true}]}}

Wrzesińska 2A/48

OBSAZENÝ

Předsíň

Obývací pokoj + KK

Ložnice
